{"id":403,"date":"2022-11-07T11:18:39","date_gmt":"2022-11-07T11:18:39","guid":{"rendered":"http:\/\/annesophienyssen.be\/?page_id=403"},"modified":"2022-11-07T12:31:43","modified_gmt":"2022-11-07T12:31:43","slug":"programme","status":"publish","type":"page","link":"http:\/\/annesophienyssen.be\/index.php\/programme\/","title":{"rendered":"Programme"},"content":{"rendered":"\n<p>Avant, pendant, et apr\u00e8s les \u00e9lections rectorales de 2022 \u00e0 l&rsquo;ULi\u00e8ge, notre <strong>programme<\/strong> reste celui d&rsquo;une \u00e9quipe forte et coh\u00e9rente, port\u00e9 par une femme. Il a un objectif, un horizon de temps, une vision, une strat\u00e9gie sous-jacente, sur lesquels nous sommes tous et toutes d&rsquo;accord.<\/p>\n\n\n\n<p>Notre <strong>objectif<\/strong> est de pr\u00e9parer l&rsquo;ULi\u00e8ge \u00e0 assumer les transformations qu&rsquo;elle va devoir accomplir dans la d\u00e9cennie qui s&rsquo;ouvre.<\/p>\n\n\n\n<p>Notre <strong>horizon<\/strong> de r\u00e9flexion est donc 2030. L&rsquo;\u00e9quivalent de deux mandatures nous en s\u00e9pare. Cela ne signifie \u00e9videmment pas que nous sollicitons un double mandat. Mais nous pensons que pour bien piloter la trajectoire \u00e0 venir, le regard doit se porter suffisamment loin. Et qu&rsquo;une certaine stabilit\u00e9 strat\u00e9gique sera indispensable. C&rsquo;est pourquoi nous pensons important d&rsquo;annoncer notre vision de l&rsquo;Universit\u00e9 \u00e0 cet horizon.<\/p>\n\n\n\n<p><\/p>\n\n\n\n<div class=\"wp-block-file\"><object class=\"wp-block-file__embed\" data=\"http:\/\/annesophienyssen.be\/wp-content\/uploads\/2022\/11\/ASN2PROGRAMME.pdf\" type=\"application\/pdf\" style=\"width:100%;height:600px\" aria-label=\"Embed of Programme 2022.\"><\/object><a href=\"http:\/\/annesophienyssen.be\/wp-content\/uploads\/2022\/11\/ASN2PROGRAMME.pdf\">Programme 2022<\/a><a href=\"http:\/\/annesophienyssen.be\/wp-content\/uploads\/2022\/11\/ASN2PROGRAMME.pdf\" class=\"wp-block-file__button\" download>T\u00e9l\u00e9charger<\/a><\/div>\n","protected":false},"excerpt":{"rendered":"<p>Avant, pendant, et apr\u00e8s les \u00e9lections rectorales de 2022 \u00e0 l&rsquo;ULi\u00e8ge, notre programme reste celui d&rsquo;une \u00e9quipe forte et coh\u00e9rente, port\u00e9 par une femme. Il a un objectif, un horizon de temps, une vision, une strat\u00e9gie sous-jacente, sur lesquels nous sommes tous et toutes d&rsquo;accord. Notre objectif est de pr\u00e9parer l&rsquo;ULi\u00e8ge \u00e0 assumer les transformations<\/p>\n<a class=\"poursuivre\" href=\"http:\/\/annesophienyssen.be\/index.php\/programme\/\">Poursuivre la lecture<\/a>","protected":false},"author":6,"featured_media":0,"parent":0,"menu_order":0,"comment_status":"closed","ping_status":"closed","template":"","meta":[],"_links":{"self":[{"href":"http:\/\/annesophienyssen.be\/index.php\/wp-json\/wp\/v2\/pages\/403"}],"collection":[{"href":"http:\/\/annesophienyssen.be\/index.php\/wp-json\/wp\/v2\/pages"}],"about":[{"href":"http:\/\/annesophienyssen.be\/index.php\/wp-json\/wp\/v2\/types\/page"}],"author":[{"embeddable":true,"href":"http:\/\/annesophienyssen.be\/index.php\/wp-json\/wp\/v2\/users\/6"}],"replies":[{"embeddable":true,"href":"http:\/\/annesophienyssen.be\/index.php\/wp-json\/wp\/v2\/comments?post=403"}],"version-history":[{"count":4,"href":"http:\/\/annesophienyssen.be\/index.php\/wp-json\/wp\/v2\/pages\/403\/revisions"}],"predecessor-version":[{"id":422,"href":"http:\/\/annesophienyssen.be\/index.php\/wp-json\/wp\/v2\/pages\/403\/revisions\/422"}],"wp:attachment":[{"href":"http:\/\/annesophienyssen.be\/index.php\/wp-json\/wp\/v2\/media?parent=403"}],"curies":[{"name":"wp","href":"https:\/\/api.w.org\/{rel}","templated":true}]}}

<p>Avant, pendant, et après les élections rectorales de 2022 à l&rsquo;ULiège, notre <strong>programme</strong> reste celui d&rsquo;une équipe forte et cohérente, porté par une femme. Il a un objectif, un horizon de temps, une vision, une stratégie sous-jacente, sur lesquels nous sommes tous et toutes d&rsquo;accord.</p>



<p>Notre <strong>objectif</strong> est de préparer l&rsquo;ULiège à assumer les transformations qu&rsquo;elle va devoir accomplir dans la décennie qui s&rsquo;ouvre.</p>



<p>Notre <strong>horizon</strong> de réflexion est donc 2030. L&rsquo;équivalent de deux mandatures nous en sépare. Cela ne signifie évidemment pas que nous sollicitons un double mandat. Mais nous pensons que pour bien piloter la trajectoire à venir, le regard doit se porter suffisamment loin. Et qu&rsquo;une certaine stabilité stratégique sera indispensable. C&rsquo;est pourquoi nous pensons important d&rsquo;annoncer notre vision de l&rsquo;Université à cet horizon.</p>



<p></p>



<div class="wp-block-file"><object class="wp-block-file__embed" data="http://annesophienyssen.be/wp-content/uploads/2022/11/ASN2PROGRAMME.pdf" type="application/pdf" style="width:100%;height:600px" aria-label="Embed of Programme 2022."></object><a href="http://annesophienyssen.be/wp-content/uploads/2022/11/ASN2PROGRAMME.pdf">Programme 2022</a><a href="http://annesophienyssen.be/wp-content/uploads/2022/11/ASN2PROGRAMME.pdf" class="wp-block-file__button" download>Télécharger</a></div>

<p>Avant, pendant, et après les élections rectorales de 2022 à l&rsquo;ULiège, notre programme reste celui d&rsquo;une équipe forte et cohérente, porté par une femme. Il a un objectif, un horizon de temps, une vision, une stratégie sous-jacente, sur lesquels nous sommes tous et toutes d&rsquo;accord. Notre objectif est de préparer l&rsquo;ULiège à assumer les transformations</p>
<a class="poursuivre" href="http://annesophienyssen.be/index.php/programme/">Poursuivre la lecture</a>
